?
11
Let n(y) be the second derivative of -3/2*y**2 - 5*y + 0 + 1/3*y**3. Let m(d) = -d + 3. Let g be m(0). What is n(g)?
3
Let l(p) = 2*p - 3. Suppose -3*i + 6*i = 12. Let q be 2/3 + i/3. Calculate l(q).
1
Let c(j) = 3*j**3 - 7*j**2 + 7*j - 10. Let u(i) = i**3 - i - 1. Let x(y) = c(y) - 2*u(y). Suppose 0 = 3*k - 3*l - 6, -5*l + 50 = k + 4*k. Determine x(k).
10
Suppose 3*i = -4*a + 3, 2*i + 3*i = -2*a + 19. Suppose 4*p + 1 = i. Let f(b) = 4*b**2 + 6*b + 10. Let n(h) = -h**2 - 1. Let k(m) = p*f(m) + 5*n(m). Give k(5).
10
Let r(g) = 5*g**2 - 2*g + 1. Let i(z) = -2*z**2 + z. Let w(n) = 2*i(n) + r(n). What is w(1)?
2
Let k be 48/20 - 6/(-10). Let h(c) = c - c**2 + 6*c**k + c**3 - 6*c**3 - 1. Determine h(0).
-1
Let s(c) be the third derivative of -c**6/40 + c**4/8 - 2*c**2. Let g(l) = 4*l**3 - 4*l. Let x(i) = 4*g(i) + 5*s(i). Calculate x(-1).
0
Let z = -13 - -7. Let a(n) = 5*n**3 + 14*n**2 - 46*n - 29. Let h(l) = l**3 + 3*l**2 - 9*l - 6. Let v(q) = 2*a(q) - 11*h(q). What is v(z)?
2
Let a(c) = -4*c - c + 3*c + 3 + 3*c. Give a(6).
9
Suppose -1 = -2*r + 1. Suppose -3*u - 8 - r = 0. Let x(c) = -3*c - 4*c**2 - 4 + 0*c**3 - c**3 + 3. Determine x(u).
-1
Let g(u) = -u**3 - 6*u**2 - u. Let z be -3*(-6)/(-9) + 0. Let n be 3 - (z + 10 - -1). Determine g(n).
6
Let s(h) = h + 2. Suppose -4*v = -0*v. Suppose -3*u - u = -4*p + 28, v = -p + 4. What is s(u)?
-1
Let j(k) = 9*k - 1. Let b = 11 + -8. Suppose x - r - b = 0, 0 = -2*x - 0*r + 5*r + 12. Determine j(x).
8
Suppose -29 + 9 = -5*m. Suppose 4*o + 2*f - m*f = 0, 0 = -o + 4*f - 7. Let v = -1 + o. Let i(z) = -z**2 + 5. Calculate i(v).
5
Let t(v) = 2*v**2 - 4*v + 1 + 7*v - v. Let n be t(-1). Let q(f) = 2*f**2 + f - 1. Give q(n).
2
Let o(b) be the third derivative of -b**9/12096 + b**8/20160 - b**6/720 + 7*b**5/60 - 3*b**2. Let x(a) be the third derivative of o(a). Calculate x(-1).
5
Let j(b) be the first derivative of -b**4/2 - b**3/3 - b**2 + b - 3. Determine j(-2).
17
Let x be 7 + (-3 - -3)/3 + -2. Let v(p) = p**2 - 3*p - 5. What is v(x)?
5
Let o(l) = -5 + l**2 + 0*l**3 + 0*l**2 - l**3 - l - 5*l**2. Suppose 5 = -3*p - 7. Give o(p).
-1
Let i(b) = b - 6. Let q = -6 + 11. What is i(q)?
-1
Let d(l) = 1. Let n be 2/(-12) + (-14)/(-12). Let v(o) = -o + 1. Let j(q) = n*d(q) + v(q). Suppose 5*m + 12 = 2. What is j(m)?
4
Let n(z) = 2*z - 5. Let v(d) = d**2 - 7*d + 5. Let a(b) = b**2 - b + 1. Let c be a(3). Let o be v(c). What is n(o)?
5
Let w(t) = 0*t**3 + 2*t**2 + 2*t**3 + 1 + t**3 + t**2. Let j(r) = 16*r**3 + 15*r**2 + 6. Let g(m) = 2*j(m) - 11*w(m). Determine g(-2).
-3
Let h = 32 - 16. Let x = h - 10. Let r(s) = -s**3 + 6*s**2 + s + 4. Calculate r(x).
10
Let z(t) be the second derivative of 2*t + 0 - t**2 - 1/3*t**4 - 1/20*t**5 - 2/3*t**3. Calculate z(-3).
1
Let s(k) = k. Let q be s(0). Suppose -5*h = -4*i + 5*i, -3*h - 4*i = q. Let j(f) = -2*f + 0 - 2 + h*f + 5. Calculate j(4).
-5
Let x(f) be the third derivative of -f**5/60 + f**3/6 - f**2. Let i(p) = p**3 + 3*p**2 - 10*p. Let v be i(2). What is x(v)?
1
Let b = 1 - -4. Suppose -b*t + 34 = -1. Let o = 10 - t. Let q(p) = 2*p - 3. Calculate q(o).
3
Let v(d) be the third derivative of -d**5/60 + d**3/3 - d**2. Let u(t) = -t**3 + 5*t**2 - 9*t + 7. Let r be u(3). Give v(r).
-2
Let p = 1 + 9. Suppose -3*c - p = 2*c. Let h(s) = s**2 + s + 1. Give h(c).
3
Suppose z - 5 = 0, 0 = 4*d + 3*z - 116 + 5. Suppose -4*b - g - 3*g + d = 0, 2*g = 3*b + 2. Let n(t) = 4 + 4*t - b*t - 4*t. Give n(3).
-2
Let a(k) = 2*k + 2. Suppose 0 = 33*f - 38*f - 15. What is a(f)?
-4
Let n(w) = w + 5. Let r be n(-6). Let m be r - -2*3/6. Suppose 3*b = 5*v - 20, -4*v + 5*b + 16 = -m*v. Let t(i) = i**2 - 3*i - 2. What is t(v)?
2
Let p(w) = w + 5. Suppose 4*v = 6*v + 12. Determine p(v).
-1
Suppose 3*x - 6 = -2*q + 3, 4*x = -q + 7. Let r(z) = -q + 3*z - 2*z + 0*z. Calculate r(-3).
-6
Let y be 4/8*(-8)/4. Let p(i) = -13*i**3 + 2*i**2 + 2*i - 11. Let o(g) = -4*g**3 + g**2 + g - 4. Let f(x) = 8*o(x) - 3*p(x). What is f(y)?
-6
Let a(z) be the first derivative of 21*z**2/2 + 12. What is a(1)?
21
Let p(a) = -a**3 - a**2 - 2*a - 3. Suppose 51 = -5*k - 24. Let t = k - -13. What is p(t)?
5
Let w(g) = -g + 8. Let u be w(4). Let s(b) = u*b + 2*b - b**2 - 5*b - 2*b. Give s(-3).
-6
Let g be 8 + -8 - 3/(-1). Let z(u) be the first derivative of g + u - 1/3*u**3 + 0*u**2. What is z(-1)?
0
Let t(m) = -m**3 - 5*m**2 + m + 6. Let v = -20 - -15. Let w be t(v). Let a(x) = 6*x**2 - x + 4*x - 2*x. Give a(w).
7
Let u(o) = o**2 - o - 9. Let i(w) = -1. Let b(n) = i(n) - u(n). Determine b(0).
8
Suppose 5*d = u + u - 13, -4*d = -4*u + 20. Let z be (-16)/(-12)*6/4. Let l(j) = -4 + 2*j**z + j**3 - 2*j**3 + 5*j + j**2. Calculate l(u).
0
Let g(r) = r**2 - 4*r + 6. Suppose 5*b = 15 + 40. Suppose -2*l = 3*k - 23, b*k - 3*l - 13 = 6*k. Determine g(k).
11
Let h(s) = s**3 - 5*s**2 - 8*s + 3. Let k(b) = -b**2 - b + 1. Let f(l) = -h(l) + 5*k(l). Let p = 15 + -17. Give f(p).
4
Let z(o) = -o + 3. Let x be (2/6)/((-2)/(-48)). Suppose 5*g + x = -12. Determine z(g).
7
Suppose 4*j - 4*n + 2*n = -8, -8 = -2*n. Let r be (-21)/(2 - 0 - 3). Let u(q) = -r + 8 + q**3 + q + q**2 + 0*q. Determine u(j).
-13
Suppose -8*k + 2*k = 0. Let r(o) = o**3 + o**2 - o - 7. Calculate r(k).
-7
Let l = -52 - -56. Let w(y) = -y**2 + 7*y - 5. Calculate w(l).
7
Let w(p) = -2 - p**2 - 1 - 5*p**2 + 5*p**2. Suppose 0 = 3*c - 0*c. Suppose c = 5*u - 4*r, 2*u = 7*u + 4*r. What is w(u)?
-3
Let m = 23 + -26. Let l(k) = -k**2 - 1 - 3 - k + 1 + 6. Give l(m).
-3
Let s(q) = -3*q - 12 + 4 + 2*q. Calculate s(-5).
-3
Let t(q) = -3*q**2 + 3*q - 2*q**2 - q - 5*q - q**3 + 4. Give t(-4).
0
Let j = -18 - -12. Let u(b) = b**2 + 4*b - 4. Give u(j).
8
Suppose -7*z + 1 = 29. Let l(k) = -k**3 - 4*k**2 - 6*k - 2. Calculate l(z).
22
Let u(a) be the first derivative of 2 + 1/2*a**2 - 1/3*a**3 + 7*a. Determine u(0).
7
Let u(f) = -2*f - 1. Let w be (-12)/(-5) + 12/20. Suppose 3*o - 4*o - w = 0. Calculate u(o).
5
Let i(y) = -12*y**3 + 2*y**3 + 7 - 6*y**2 + 11*y**3 - 3*y. Calculate i(6).
-11
Let n(l) = -l**3 + 4*l**2 + 6*l - 7. Let t(h) = -2*h + 1. Let x be t(-2). Determine n(x).
-2
Let i(q) be the third derivative of -q**6/120 + q**5/12 + 7*q**4/24 - q**3 + 5*q**2. Let g(v) = -v**2 + v. Let u(y) = -g(y) - i(y). Give u(5).
-9
Suppose -5*i - 10 = 20. Let c(m) = 2*m - 4. Let h(w) = w - 3. Let o(t) = 2*c(t) - 3*h(t). What is o(i)?
-5
Suppose 0*m - 3*u = 5*m + 20, -5*m - 5*u - 30 = 0. Let b(x) = 6*x**2 + x. Calculate b(m).
5
Let h be 1*(-1)/(-2)*42. Let b(a) = -3*a**2 + h*a**3 + 3*a + 5 + 3*a - 22*a**3. Give b(-4).
-3
Let h(x) = 6*x**2 - x. Suppose g = 4*v + 24, v = 3*v + 2*g + 2. Let m = v - -7. Suppose -f + 3*f = m. Determine h(f).
5
Let a = 10 + -5. Suppose -t - a*w = -9, -4*t = w - 4 - 13. Let x(f) = 2*f**2 - 3*f - 5. Determine x(t).
15
Suppose 4 = -2*a - 3*v, -a + 3*v = -4*a - 3. Suppose 11 = 5*p + a. Let u(z) be the first derivative of -5*z**2/2 + 2. Determine u(p).
-10
Let l be ((-9)/(-12))/(3/12). Let t(n) = n**3 - 4*n**2 + 3*n - 1. Determine t(l).
-1
Suppose -4*l - 1 = -9. Let y(a) = 2*a**l + 0*a**2 + a - a**3 - 5*a**2. Determine y(-3).
-3
Let h = -35 - -35. Let l(g) be the second derivative of -g**5/20 - g**3/6 + g**2/2 + 4*g. Give l(h).
1
Let l(b) = -11 - 360*b**2 + 10*b + 1 + 359*b**2. What is l(9)?
-1
Suppose -2*q = -18 - 4. Let r = q + -7. Let v(o) = 1 + r*o**2 + 1 + 2 - 5 - o**3. Give v(3).
8
Let f(r) = 9*r - 51. Let v be f(6). Let b(x) = x**2 - 3*x - 3. Determine b(v).
-3
Let w(z) be the third derivative of -z**5/60 - z**4/3 + 11*z**3/6 - 46*z**2. Give w(-9).
2
Let l(i) = i**3 + 4*i**2 - 4*i. Let d = 85 + -89. Give l(d).
16
Let z(a) = a + 1. Suppose 3*p = -0*p + 24. Let q be 6*2*(-4)/p. What is z(q)?
-5
Let z(i) be the second derivative of i**4/12 - 4*i**3/3 - 5*i**2/2 + i - 15. Determine z(9).
4
Let u(l) be the first derivative of 3/2*l**2 + 1 - 7/6*l**3 + 1/12*l**4 - l. Let n(w) be the first derivative of u(w). What is n(5)?
-7
Let k be 265/(-55) - (-2)/(-11). Let x(s) = -2*s**2 + s + 6. Let d(l) = 2*l**2 - l - 7. Let c(v) = k*d(v) - 6*x(v). Determine c(2).
5
Let d(o) = -4 + 0*o - o + 3. Let c be 5/3 + 2/6. What is d(c)?
-3
Let z(m) = m**2 - m + 1. Let j(v) = 4*v**2 - 3*v + 6. Let g(u) = j(u) - 5*z(u). Let l = -14 - -17. Give g(l).
-2
Let p(u) = u. Suppose 0*h - 5*h = q - 20, 8 = 2*h. Supp